
4
Let s(x) = -x - 3. Let n(p) = p**3 - p**2 - 3*p. Let m be n(3). Let c(t) = -t + 9. Let i be c(m). Suppose 5*y = -i - 10. Give s(y).
-1
Let z(c) = c**2 + 4*c - 3. Suppose 0 = 3*k - 34 + 10. Let x = k - 1. Let s = x - 11. Determine z(s).
-3
Let y be (-6)/(-3) + 0/1. Let n(z) = 2*z**y - 4 - z**2 + z - 5*z. Give n(4).
-4
Let f = 43 - 41. Let j(v) = -2*v**3 + v**2 + 3*v - 1. Determine j(f).
-7
Let m(i) = -i - 3. Suppose -4*z - 9 = 3. Let h(v) = v**3 + 3*v**2 - 4. Let l be h(z). Give m(l).
1
Let r(n) = 2*n + 9 - 2*n + n. Let o(f) be the second derivative of f**4/12 - 13*f**3/6 + 8*f**2 - 2*f. Let l be o(11). Give r(l).
3
Suppose 55 = n + 4*n - 4*s, -3*n + 5*s + 46 = 0. Let p(u) = -u**3 + 8*u**2 - 4*u - 10. Give p(n).
11
Let s(f) be the first derivative of -5*f**2 - f + 7. Give s(-1).
9
Suppose -3*v + 1 = -8. Let p = v - -2. Let l(x) = x**3 - 6*x**2 + 6*x - 2. What is l(p)?
3
Let f(g) be the second derivative of -g**4/6 - g**3/2 + 3*g**2/2 + g. Suppose 0 = -3*x - 2*x + 20. Suppose -u + 1 = x. What is f(u)?
-6
Let f(g) be the third derivative of -g**5/60 - 7*g**4/24 + 26*g**2. Determine f(-3).
12
Let f be 14/63 + (-25)/(-9). Let a(w) = w**2 - w - 1 + 2*w**3 - w**f + 1 + 2. Give a(-2).
0
Let c(x) be the third derivative of -x**6/120 + x**5/60 + x**4/6 + x**3/6 - 3*x**2. Calculate c(3).
-5
Suppose -2 = 4*t + 4*y + 6, 4*t + 2*y - 2 = 0. Let o(s) be the first derivative of 0*s**2 - 2 + 0*s - 1/3*s**t. Give o(-2).
-4
Let l(o) = -8*o**2 + o + 1. Let n(a) = -a**2 + 6*a + 6. Let i be n(7). What is l(i)?
-8
Let p(s) be the first derivative of s**2/2 + 5*s + 34. Let q be (1 - -2)*8/(-6). Determine p(q).
1
Let w(d) be the second derivative of d**4/12 + 5*d**3/6 + d**2 + 2*d. Calculate w(-2).
-4
Let m(q) = -q**2 + 2*q. Let r = -3 + 4. Let w be 9/(-6)*4/r. Let p be 4/3*w/(-4). Give m(p).
0
Suppose 0 = y - 2 - 0. Let a(h) = -h - y + h - h. Let i = 8 - 6. Determine a(i).
-4
Let h = -11 + 8. Let d(w) be the first derivative of w**4/4 + 4*w**3/3 + w**2/2 - 4*w - 3. Give d(h).
2
Let b be (15/(-9))/((-1)/3). Let l(a) = 3 + 0 + 3*a**2 + 3 - 5*a + a. Let m(j) = -j**2 + 2*j - 3. Let u(d) = b*m(d) + 2*l(d). What is u(-4)?
5
Let a(u) = -8*u - 1. Suppose 0 = 2*i + i - 12. Suppose -5*g + i = -g. What is a(g)?
-9
Let j be -2 - (0 - 2 - 5). Let m(q) = -q**2 + q + 1. Let p(h) = -3*h**2 + 2*h + 2. Let a(r) = j*m(r) - 3*p(r). What is a(-1)?
4
Let w(v) = -v**3 + 4*v**2 - 2*v - 1. Suppose -4 = 2*k - 8. What is w(k)?
3
Let m(b) be the first derivative of -b**3/3 + b**2/2 - 2*b + 10. Calculate m(2).
-4
Let j(u) = -u**3 + 6*u**2 - u. Suppose s + 18 = 4*s. Determine j(s).
-6
Let r(n) = 3*n - 4. Let m(j) = 2*j + 3. Let i be m(6). Let q be i/10*16/6. Give r(q).
8
Let s = 3 + -1. Let t(i) = 6*i**s + 0*i + 2*i + 1 + 2*i**2. Suppose -2*z - 2*z - 5*y + 21 = 0, -2*y = 2*z - 8. Determine t(z).
7
Let u(d) be the first derivative of -d**2 - 4*d + 10. Calculate u(-5).
6
Suppose -6 = a + 5*j + 24, 5*j = 2*a - 15. Let z(q) = q**3 + 5*q**2 + 3. Give z(a).
3
Let t = -77 + 73. Let o(c) = -6*c - 6. Calculate o(t).
18
Let f(o) = o**2 - 4*o - 3. Let d be f(6). Suppose -3*b = -a + d, 2*b + 2 = 3*a - 4. Let r(l) = l**3 - l**2 + 1. Determine r(a).
1
Let l(f) be the first derivative of f**3/3 + 2*f**2 + 2*f + 42. Let z = -2 - 3. What is l(z)?
7
Let b(d) = d**3 + 11*d**2 + d + 10. Let z = 3 - 14. Calculate b(z).
-1
Let s(k) = 36*k**3 - 1 + k**2 + 4*k - 5*k - 37*k**3. What is s(-2)?
13
Let h(f) = -f**3 + 6*f**2 - 5*f + 1. Let y be h(5). Let c(o) = -o**3 + o**2 - 2*o + 1. What is c(y)?
-1
Let q = -10 - -18. Suppose 0 = 3*m + 3*b + 21, b = -b - q. Let g(y) be the third derivative of y**6/120 + y**5/30 + y**4/24 + y**3/3 + 2*y**2. Give g(m).
-10
Suppose 9*i - 14*i - 15 = 0. Let m(t) = -t**2 - 5*t - 3. What is m(i)?
3
Let j(w) = w**2 + 3 - w + 4 - 6. Let a = -1 + 1. Give j(a).
1
Let g = -1 - -1. Let x(y) be the second derivative of y**4/12 - y**3/6 + 4*y**2 - 2*y. Let o(q) = -1. Let i(j) = -5*o(j) - x(j). What is i(g)?
-3
Let b be -1 - 1/(-1)*-5. Let i(c) be the third derivative of -c**5/60 - c**4/4 - c**3/2 - 29*c**2. Calculate i(b).
-3
Let c(p) = -p**3 - 5*p**2 - 3*p - 3. Let u(d) = 4*d**2 + 3*d**2 + d**3 + 4*d - 3*d**2 + 3 - 4. Let f be u(-3). Determine c(f).
-7
Suppose 12 = -4*y + 2*d, 4*y = 5*d - 10 - 8. Let a be y/(-8) - 1/4. Let s(b) = b + 6. What is s(a)?
6
Let f = 1 + 1. Suppose -f*o + 9 - 5 = 0. Let c(p) = p + 5 - 4 + o. Give c(0).
3
Let j = 2 - 0. Suppose 0 = -5*v + k + 4, -4*v - 5*k = -2*v - 7. Let z(q) = 0*q**3 - q**3 - v - 4*q**j + 4*q - 2. Calculate z(-5).
2
Suppose 5*j + 6 = 4*l, j + 2*l - 10 = -0*l. Let b(x) be the first derivative of -x**2 + x + 4. Calculate b(j).
-3
Let m = 45 + -31. Let y be (-25)/(-35) - (-4)/m. Let o(v) = -3 + 2*v + 5 + y - 1. Calculate o(3).
8
Let b(u) = -u**2 + u. Let o(n) = 4*n**3 + 2*n**2 - 2*n + 1. Let m(c) = -b(c) - o(c). Let k(w) = -w - 2. Let a be k(-3). What is m(a)?
-5
Let n(h) be the first derivative of 1 - 2/3*h**3 - 5/24*h**4 + 0*h - 1/24*h**5 - 1/360*h**6 + 0*h**2. Let o(x) be the third derivative of n(x). Calculate o(-5).
-5
Suppose -3*o = -0*o - 3. Let z(c) = -c**3 + c**2 + 1. Give z(o).
1
Let b(o) = -o**3 - 2*o**2 - o - 1. Let n(y) = y**3 - 3*y**2 + 2*y + 3. Suppose 0 = 2*q - 6 - 0. Let p be n(q). Suppose -p - 1 = 5*t. What is b(t)?
1
Let h(f) = -f**3 - 4*f**2 - f + 1. Let x(d) = d**3 + 8*d**2 + d + 5. Let m be x(-8). Calculate h(m).
-5
Suppose 4*j = -j + 25. Let t(n) = 2*n - 5. Calculate t(j).
5
Let p(l) be the second derivative of -l**6/360 + l**5/30 + l**4/3 + l. Let b(k) be the third derivative of p(k). What is b(4)?
-4
Suppose -2 = 5*u - 12. Let c(q) be the first derivative of 2*q**2 + 2/3*q**3 + 3*q - u. What is c(-2)?
3
Suppose 0*k = -3*k + 3. Let w(c) = 4*c - 2*c**3 + 2*c + 4*c**2 + k + c**3. Let v be ((-20)/(-6))/(2/3). Give w(v).
6
Let i(w) = -7*w**2 - 9*w - 13. Let u = -1 + 3. Let f(t) = 2 + 4*t + 0 + 3*t**u + 3 + 1. Let y(j) = -5*f(j) - 2*i(j). Give y(-3).
-7
Suppose 0 = -4*s + 4*l - 4, 0 = -3*s + 4*s - 2*l - 1. Let m = s - -4. Let t(v) be the second derivative of -v**4/3 - v**2/2 + 2*v. Give t(m).
-5
Let v(g) = -g**2 - 10*g - 5. Let h(b) = -b**3 + 3*b**2 - 3*b + 5. Let l be h(3). Determine v(l).
19
Let l be 2 - (3 + 3) - 5. Let m(s) = -s - 5. Give m(l).
4
Suppose 3*n - 4*z + 25 = 0, 2 = 2*n - 0*z + 2*z. Let j(a) = -a**3 - 2*a**2 + 3*a + 1. Give j(n).
1
Let s(v) = 2*v - 11. Let a(l) = -l + 5. Let q(o) = 7*a(o) + 3*s(o). Suppose 3*r + 0*r = 4*g + 10, 2 = -r. Determine q(g).
6
Let k(q) be the second derivative of -q**4/12 + q**3 + q**2/2 - 7*q. Give k(6).
1
Let o(m) = -m**2 - 5 + 0 - 3 - 9*m. Let p(x) = -x**2 - 10*x - 9. Let q(n) = -n - 7. Let u be q(-3). Let a(t) = u*p(t) + 5*o(t). Give a(-3).
2
Let x(f) be the second derivative of f**6/15 - f**5/60 + 5*f**2/2 - 6*f. Let c(z) be the first derivative of x(z). Calculate c(1).
7
Let d(o) = 2*o**3 - o**2 - 2*o + 1. Let u be d(-2). Let v = u + 10. Let k(w) be the first derivative of w**4/4 + 2*w**3 + 5*w**2/2 - 4*w - 1. Give k(v).
-4
Let h(a) = a**3 - 14*a**2 - a + 15. Let y be h(14). Let j(r) = 7*r + 1. Let f(s) = 6*s + 1. Let u(q) = -4*f(q) + 3*j(q). What is u(y)?
-4
Let h(v) = -3 + 5 + v - 2. Suppose -5*b = 3*a + 7 - 25, 2*b - 2 = 4*a. What is h(a)?
1
Let h(f) = f - 8. Let x(r) = r**3 - r**2 + 2. Let m = -5 + 7. Let w be x(m). Give h(w).
-2
Let w(l) be the first derivative of -l**5/10 - l**3/6 + 3*l**2/2 + 3. Let g(b) be the second derivative of w(b). What is g(1)?
-7
Let h(c) = -c - 15. Let z(o) = -3*o - 45. Let n(a) = -8*h(a) + 3*z(a). What is n(0)?
-15
Let o(q) = -q**2 + 6*q - 5. Let m be o(5). Let u(w) = m*w**2 - w**2 + 14 + 4*w - 8. What is u(6)?
-6
Let v be 0/2 - -3 - -2. Suppose 0 = 4*n + o - 16, -n - 5 = 2*n + v*o. Let d(m) = -m**2 + 5*m + 6. What is d(n)?
6
Let i(q) = 8 - 6 - 2*q + 2*q - q**2. Suppose 15 = -5*r + 5. Give i(r).
-2
Let d(z) = 3*z**3 + z**2 - 1. Let w(m) = -m**3 - 5*m**2 + m + 6. Let q be w(-5). What is d(q)?
3
Let y(g) = -3*g + g + 0*g. Suppose 4*v = 3*v + 3. Suppose -d - 2 = -v*d. Calculate y(d).
-2
Let s be (15/6)/(2/4). Suppose 2*m + 6 = -4*l - 0, -4*m - s*l = 3. Suppose -7 = -m*d - 19. Let q(f) = f**2 + 4*f - 1. Calculate q(d).
-1
Let o(a) = -6*a**2 - 5*a - 4. Let j(k) = k**2 + k + 1. Let d(z) = 4*j(z) + o(z). What is d(1)?
-3
Let m(v) be the second derivative of -v*